 - 6 = -o + u. Calculate the greatest common divisor of o and 9.
3
Let z(r) = -r**3 + 3*r**2 + 4*r + 5. Let k = -6 - -10. Let i be z(k). Suppose 18*s - 100 = 14*s. What is the highest common divisor of i and s?
5
Suppose 7*v - 3*g = 2*v + 30, 30 = 5*v + g. Suppose 0 = -v*y + 3*y + 18. Let q(p) = 2*p - 3. Let f be q(y). What is the greatest common divisor of f and 45?
9
Suppose -174*c + 169*c = -200. What is the greatest common divisor of 100 and c?
20
Suppose 14*g - 399 - 441 = 0. Calculate the greatest common factor of 24 and g.
12
Suppose -45*a + 25 = -40*a. What is the greatest common divisor of 35 and a?
5
Suppose 5*o = k + 14 + 77, -70 = -4*o - 2*k. What is the greatest common divisor of 198 and o?
18
Suppose i - u + 4 = -2*u, -3*u - 12 = -5*i. Let p be ((-34)/4 - i)*-2. Suppose -7 - p = -4*o. What is the greatest common factor of 30 and o?
6
Let i be (-2)/(-4) + (-3)/(-2). Suppose -3*z - 4*d + 17 = -29, -d + 44 = 4*z. Calculate the highest common divisor of z and i.
2
Let k be (-1*5/10)/((-1)/8). Calculate the highest common divisor of 14 and k.
2
Suppose 0 = 5*t - 3*k - 306, 66 = t + k - 0*k. What is the highest common factor of 42 and t?
21
Let v = -181 + 445. What is the highest common divisor of v and 24?
24
Let b(w) = w + 2. Let d be b(0). Let z(l) = -l + 2. Let k be z(-7). Suppose 16 = 5*y - k. Calculate the greatest common factor of d and y.
1
Let j = -14 - -23. Let v = 11 - 8. Let z be 6*(12 + v + -3). What is the greatest common divisor of z and j?
9
Suppose 4*a = 21 + 135. What is the highest common divisor of a and 13?
13
Let d(j) = 6*j. Let y be (-8 + 0)*2/4. Let n be (y/6)/2*-12. Let r be d(n). Calculate the greatest common factor of 6 and r.
6
Let m(k) = -80*k - 5. Let a be m(-3). What is the highest common divisor of 47 and a?
47
Let v be ((-18)/(-5))/((-6)/(-15)). Calculate the highest common divisor of 72 and v.
9
Suppose 3*t - 20 = 7. What is the greatest common factor of t and 9?
9
Suppose 4*k = -202 - 22. Let j = -39 - k. Calculate the highest common divisor of j and 136.
17
Let b be 1 + -5 - (0 + -2). Let x be (-120)/(-2 - 1) - b. Calculate the greatest common factor of x and 6.
6
Let t(j) = 2*j**2 + 4*j + 5. Let y be t(-4). What is the greatest common divisor of y and 3?
3
Let c(r) = 6*r**3. Let w be c(1). Calculate the greatest common factor of 3 and w.
3
Suppose 5*p + 14 + 6 = -5*i, -5*p + 4*i + 25 = 0. Suppose 0 = -g - 5 - 103. Let o be g/(-20) + 4/(-10). What is the highest common divisor of p and o?
1
Let x(u) = u**3 - u**2 + 2*u - 4. Let m be x(3). Calculate the greatest common divisor of m and 80.
20
Let p = 1 - -7. Suppose 0 = 4*t - 170 - 1102. Let a be 6/24 - t/(-8). Calculate the greatest common factor of p and a.
8
Let q = 6 - 1. Let w(x) = -x**3 + 6*x**2 - 4*x + 1. Let k be w(q). What is the highest common divisor of k and 6?
6
Let p = 120 + -83. What is the highest common divisor of 111 and p?
37
Let k be 8/(-16)*1*2. Let x(t) = -35*t**3 + t**2 - t - 1. Let m be x(k). Calculate the greatest common divisor of m and 12.
12
Let n(q) = -q - 2 - 2*q - q - q. Let t be n(-3). Calculate the highest common divisor of 91 and t.
13
Suppose -4 = r - 16. Suppose w - x - 18 = x, -30 = -w - x. Let c = w - r. What is the greatest common factor of 98 and c?
14
Let j = 299 - -62. Let y be j/4 - 1/4. Calculate the highest common divisor of 36 and y.
18
Let r(j) be the first derivative of j**4/4 - 7*j**3/3 + 3*j**2 - 10*j + 1. Let w be r(7). What is the highest common factor of 80 and w?
16
Suppose 13 = 4*n - 2*l - 1, -4*l - 12 = 0. Let d(t) = -t**3 - 11*t**2 - 25*t - 6. Let z be d(-8). Calculate the greatest common divisor of n and z.
2
Let r = -28 + 64. Calculate the highest common factor of r and 54.
18
Let i = 2 - 4. Let t be i/1*1755/(-26). What is the greatest common factor of 27 and t?
27
Let i(d) = d + 2. Let h be i(2). Let q(j) = j - 2. Let z be q(h). Suppose 74 = 2*r - 0*n + z*n, 2*r + 4*n = 76. What is the highest common divisor of 4 and r?
4
Suppose b = -2*o + 12, 0*b = -5*o + 3*b + 8. What is the greatest common divisor of 10 and o?
2
Let f = 5 - 16. Let a(q) be the third derivative of q**6/120 + q**5/6 - q**4/2 - q**3/2 - 2*q**2. Let r be a(f). Calculate the highest common factor of 2 and r.
2
Let h be 24/(-9)*3/(-2). Suppose 50 = i + h*i. What is the highest common factor of 30 and i?
10
Suppose -240 = -2*s - 4*s. What is the greatest common divisor of 10 and s?
10
Let k(a) = a - 5. Let h be k(6). Let q be (2 - h - 2)*0. Let d = 12 - q. What is the greatest common divisor of d and 108?
12
Suppose 2*p = -2*p + 120. Let b be (2/(-3))/((-10)/p). Suppose 2*j + b*j - 384 = 0. Calculate the greatest common divisor of j and 12.
12
Let f be (-1)/5 + 11/5. Suppose 5*y - 5*c = 15, -f*y - 2*y - 5*c = -39. Let j be y - 0*2/6. What is the highest common divisor of j and 6?
6
Let d(q) = -46*q + 38. Let n be d(-7). Calculate the highest common divisor of 36 and n.
36
Let r(k) = 3*k + 42. Let g be r(22). What is the greatest common factor of g and 72?
36
Let k(r) = 3*r**2 + 16*r - 1. Let q be k(-7). What is the highest common divisor of 51 and q?
17
Let x = 1 - -20. Calculate the greatest common divisor of x and 21.
21
Let w be ((-1)/3)/((-2)/18). Let f = 0 + 2. Let x = w + f. What is the highest common divisor of x and 5?
5
Let p be (-10)/4*4/2. Let j = p + 13. Calculate the greatest common divisor of j and 16.
8
Let o be (28/3)/((-4)/(-54)). Suppose 0*n - n = -18. What is the highest common factor of n and o?
18
Let t = 7 + -1. Suppose t*j - 720 = j. Suppose 3*y - 80 = -2*y. What is the highest common factor of j and y?
16
Suppose 0 = -2*n - 0*n + 2. Let j(q) = -11*q**3 - 2*q - 1. Let m be j(-1). Let r = 20 - m. Calculate the greatest common divisor of n and r.
1
Let h be ((-93)/6)/(12/8 + -2). Calculate the highest common divisor of h and 31.
31
Let o = 4 + -1. Suppose t - 10 = -4*l, -4*t = -3*l - o + 1. What is the greatest common factor of t and 8?
2
Suppose -4*z - 2*o + 20 = 0, -2*z - 4 = 5*o + 2. What is the highest common factor of z and 7?
7
Suppose -2*t + 450 = t. Calculate the highest common factor of t and 30.
30
Let u(y) = y**3 - 9*y**2 - y + 11. Let b be u(9). Suppose 0 = -b*o + o + 14. What is the highest common divisor of 14 and o?
14
Suppose -96 = -b - 3*b. Suppose 4*y - 2 = k + 2, 4*y = -4*k + b. What is the highest common divisor of y and 6?
2
Let k be 70/15 - (-1)/3. Suppose -378 = -k*q - 108. Suppose -3*x + 2*a = -q, -5*x = a + 3*a - 90. Calculate the highest common divisor of x and 18.
18
Let v be (-52)/3*(-18)/6. What is the highest common factor of v and 13?
13
Let w = 21 + -32. Let p = w + 46. What is the highest common divisor of p and 5?
5
Let g = -212 + 119. Let o = 143 + g. What is the greatest common divisor of 125 and o?
25
Suppose -13 = -g + j - 2, 4*g - j = 56. Suppose -5*s + 62 = -463. What is the highest common divisor of s and g?
15
Suppose -k + 180 = 3*k. Suppose -5*o + k = -2*o. Suppose -o = -3*d + w, 3*d - 2*w = 2*w + 15. Calculate the greatest common factor of 40 and d.
5
Let s(u) = -u**2 + 7*u + 4. Let w be s(6). Let k = 23 - w. What is the greatest common factor of k and 104?
13
Let g(u) = -2*u**3 - 4*u**2 + 8*u + 5. Let k be g(-6). Suppose 7*w = 2*w + k. Let t = w - -17. What is the greatest common divisor of 11 and t?
11
Suppose 0 = 3*o - 3*a + 12, 0*o - 8 = 3*o - 2*a. Suppose 0 = -o*d + d - 48. Let x = -7 + 13. What is the greatest common factor of d and x?
6
Suppose -2*d + 28 = -3*b, -84 = 4*d - 8*d - b. Calculate the highest common factor of d and 110.
10
Let p be 38/14 - (-6)/21. Let l be p/(12/(-26))*-18. Calculate the highest common factor of 13 and l.
13
Suppose -203 = -4*k + 217. What is the greatest common factor of 15 and k?
15
Let d(l) = -5*l + 2. Let t be d(-6). Let w = -18 + t. What is the greatest common divisor of w and 14?
14
Suppose 150 = 21*s + 3. Let q = -17 + 94. Calculate the greatest common factor of q and s.
7
Let f be 36/(-9) + (-1 - -13) - 3. Suppose 0 = -u + 3*m + 16, -u - 6*m + 4 = -3*m. Calculate the greatest common divisor of f and u.
5
Let q(s) = s + 10. Let i be q(-8). Let x(a) = 3*a + a - i*a + a. Let m be x(8). Calculate the highest common divisor of 36 and m.
12
Suppose -7 = -u - 4*x - 0, x = 1. Suppose -u*f = -5*l + 23, -48 = -3*l - l - 5*f.